{"id":16,"date":"2025-02-12T08:37:52","date_gmt":"2025-02-12T08:37:52","guid":{"rendered":"https:\/\/lisesoegaard.dk\/?page_id=16"},"modified":"2025-02-13T11:42:33","modified_gmt":"2025-02-13T11:42:33","slug":"om","status":"publish","type":"page","link":"https:\/\/lisesoegaard.dk\/?page_id=16","title":{"rendered":"OM MIG"},"content":{"rendered":"\n<p>Med en uddannelsesbaggrund inden for design har jeg en st\u00e6rk faglig profil&nbsp; hvad ang\u00e5r formgivning, visualisering og id\u00e9udvikling.&nbsp; Jeg har en udbredt skabertrang og er vild med alt, hvad der handler om form, farver og&nbsp; udtryk.<\/p>\n\n\n\n<p><strong>KOMPETENCER<\/strong><\/p>\n\n\n\n<p>Grafisk layout og design<\/p>\n\n\n\n<p>Surface og print design\u00a0<\/p>\n\n\n\n<p>Produktdesign<\/p>\n\n\n\n<p>Illustration&nbsp;<\/p>\n\n\n\n<p><strong>UDDANNELSE<\/strong><\/p>\n\n\n\n<p>HDK &#8211; H\u00f6gskolan f\u00f6r design och konsthantverk: MFA Master of Fine art in Design, 2012-2014<\/p>\n\n\n\n<p>Kolding Designskole: BA Industrielt design, 2009-2012<\/p>\n","protected":false},"excerpt":{"rendered":"<p>Med en uddannelsesbaggrund inden for design har jeg en st\u00e6rk faglig profil&nbsp; hvad ang\u00e5r formgivning, visualisering og id\u00e9udvikling.&nbsp; Jeg har en udbredt skabertrang og er vild med alt, hvad der handler om form, farver og&nbsp; udtryk. KOMPETENCER Grafisk layout og design Surface og print design\u00a0 Produktdesign Illustration&nbsp; UDDANNELSE HDK &#8211; H\u00f6gskolan f\u00f6r design och konsthantverk: &hellip; <\/p>\n<p class=\"link-more\"><a href=\"https:\/\/lisesoegaard.dk\/?page_id=16\" class=\"more-link\">L\u00e6s mere<span class=\"screen-reader-text\"> \u201cOM MIG\u201d<\/span><\/a><\/p>\n","protected":false},"author":1,"featured_media":0,"parent":0,"menu_order":0,"comment_status":"closed","ping_status":"closed","template":"","meta":{"footnotes":""},"class_list":["post-16","page","type-page","status-publish","hentry"],"_links":{"self":[{"href":"https:\/\/lisesoegaard.dk\/index.php?rest_route=\/wp\/v2\/pages\/16","targetHints":{"allow":["GET"]}}],"collection":[{"href":"https:\/\/lisesoegaard.dk\/index.php?rest_route=\/wp\/v2\/pages"}],"about":[{"href":"https:\/\/lisesoegaard.dk\/index.php?rest_route=\/wp\/v2\/types\/page"}],"author":[{"embeddable":true,"href":"https:\/\/lisesoegaard.dk\/index.php?rest_route=\/wp\/v2\/users\/1"}],"replies":[{"embeddable":true,"href":"https:\/\/lisesoegaard.dk\/index.php?rest_route=%2Fwp%2Fv2%2Fcomments&post=16"}],"version-history":[{"count":3,"href":"https:\/\/lisesoegaard.dk\/index.php?rest_route=\/wp\/v2\/pages\/16\/revisions"}],"predecessor-version":[{"id":195,"href":"https:\/\/lisesoegaard.dk\/index.php?rest_route=\/wp\/v2\/pages\/16\/revisions\/195"}],"wp:attachment":[{"href":"https:\/\/lisesoegaard.dk\/index.php?rest_route=%2Fwp%2Fv2%2Fmedia&parent=16"}],"curies":[{"name":"wp","href":"https:\/\/api.w.org\/{rel}","templated":true}]}}